ed by 953.
950
What is the remainder when 296422631 is divided by 690?
11
Calculate the remainder when 154091645 is divided by 4.
1
What is the remainder when 2455648 is divided by 135?
133
Calculate the remainder when 8340762 is divided by 50550.
12
What is the remainder when 651321 is divided by 162826?
17
What is the remainder when 1631967 is divided by 1505?
547
What is the remainder when 13008546 is divided by 34?
10
What is the remainder when 10934940 is divided by 1562134?
2
Calculate the remainder when 298019 is divided by 147152.
3715
Calculate the remainder when 177501 is divided by 398.
391
Calculate the remainder when 3506898 is divided by 157.
146
What is the remainder when 2944406 is divided by 119?
108
Calculate the remainder when 3198074 is divided by 799447.
286
Calculate the remainder when 35219937 is divided by 41.
35
Calculate the remainder when 3196903 is divided by 11097.
967
Calculate the remainder when 1341656 is divided by 2873.
2838
Calculate the remainder when 1157330 is divided by 21401.
1676
What is the remainder when 5904652 is divided by 2252?
2160
What is the remainder when 105580 is divided by 11722?
82
Calculate the remainder when 272437176 is divided by 3709.
3708
What is the remainder when 100570227 is divided by 90?
87
Calculate the remainder when 10106732 is divided by 3068.
740
Calculate the remainder when 45658417 is divided by 205.
202
Calculate the remainder when 91571635 is divided by 14423.
8
Calculate the remainder when 638956 is divided by 7323.
1855
What is the remainder when 334071 is divided by 4184?
3535
Calculate the remainder when 117079595 is divided by 5192.
5187
Calculate the remainder when 5728 is divided by 2055.
1618
What is the remainder when 11756701 is divided by 1959442?
49
Calculate the remainder when 28385288 is divided by 704.
8
What is the remainder when 233163 is divided by 2805?
348
Calculate the remainder when 2326545 is divided by 32768.
17
What is the remainder when 1627196 is divided by 325436?
16
Calculate the remainder when 129220994 is divided by 61.
58
Calculate the remainder when 71092 is divided by 3384.
28
What is the remainder when 16915043 is divided by 35?
33
What is the remainder when 24017854 is divided by 255509?
8
Calculate the remainder when 264782 is divided by 52881.
377
Calculate the remainder when 16316579 is divided by 71.
69
What is the remainder when 125872451 is divided by 777?
5
What is the remainder when 3750270 is divided by 3750270?
0
What is the remainder when 253069 is divided by 221?
24
Calculate the remainder when 93465529 is divided by 79141.
8
What is the remainder when 973548 is divided by 2014?
786
Calculate the remainder when 32557 is divided by 1145.
497
What is the remainder when 232999 is divided by 3883?
19
What is the remainder when 334615 is divided by 1726?
1497
Calculate the remainder when 693300 is divided by 707.
440
Calculate the remainder when 178224 is divided by 1635.
9
Calculate the remainder when 6776825 is divided by 3152.
25
What is the remainder when 22870 is divided by 5300?
1670
What is the remainder when 1234064 is divided by 274?
242
Calculate the remainder when 46783 is divided by 421.
52
Calculate the remainder when 1144264 is divided by 572120.
24
Calculate the remainder when 19031611 is divided by 3572.
3567
Calculate the remainder when 210983 is divided by 210974.
9
Calculate the remainder when 106646309 is divided by 14.
7
What is the remainder when 3306949 is divided by 981?
979
What is the remainder when 215246 is divided by 324?
110
Calculate the remainder when 453569 is divided by 451436.
2133
Calculate the remainder when 51991305 is divided by 51991286.
19
Calculate the remainder when 342007 is divided by 341998.
9
Calculate the remainder when 1472276 is divided by 476.
8
What is the remainder when 1898422 is divided by 1692?
1690
What is the remainder when 615882 is divided by 205269?
75
What is the remainder when 171342277 is divided by 41?
38
Calculate the remainder when 1989213 is divided by 316.
309
What is the remainder when 507465 is divided by 155?
150
Calculate the remainder when 82893 is divided by 176.
173
Calculate the remainder when 6158265 is divided by 223.
120
Calculate the remainder when 1933194470 is divided by 2596.
2594
What is the remainder when 122988 is divided by 4081?
558
Calculate the remainder when 666491279 is divided by 390.
389
Calculate the remainder when 4565648 is divided by 2656.
2640
Calculate the remainder when 4307968 is divided by 3.
1
Calculate the remainder when 260036 is divided by 1899.
1772
What is the remainder when 594448 is divided by 256?
16
What is the remainder when 4782617 is divided by 586?
271
What is the remainder when 6709495 is divided by 745498?
13
What is the remainder when 2261552 is divided by 21?
20
Calculate the remainder when 131530611 is divided by 2308.
2307
Calculate the remainder when 173722 is divided by 1720.
2
Calculate the remainder when 925443 is divided by 57839.
19
What is the remainder when 734362097 is divided by 759?
755
Calculate the remainder when 38755791 is divided by 154.
151
Calculate the remainder when 3390215 is divided by 77050.
15
What is the remainder when 782561 is divided by 105?
101
What is the remainder when 3436797 is divided by 239?
216
Calculate the remainder when 3533603 is divided by 18.
5
What is the remainder when 646293 is divided by 80779?
61
What is the remainder when 336829246 is divided by 192?
190
Calculate the remainder when 648912 is divided by 752.
688
Calculate the remainder when 3339184 is divided by 683.
680
Calculate the remainder when 3480117 is divided by 2773.
2
Calculate the remainder when 1009013 is divided by 1070.
3
What is the remainder when 126218 is divided by 664?
58
Calculate the remainder when 175721705 is divided by 24.
17
What is the remainder when 502613 is divided by 15227?
122
Calculate the remainder when 249337 is divided by 319.
198
Calculate the remainder when 39755966 is divided by 7951191.
11
What is the remainder when 1643697 is divided by 821839?
19
Calculate the remainder when 122881 is divided by 1007.
27
Calculate the remainder when 17968056 is divided by 10.
6
Calculate the remainder when 2952261 is divided by 907.
883
Calculate the remainder when 2121441 is divided by 1165.
1141
Calculate the remainder when 1091307 is divided by 422.
15
Calculate the remainder when 10301177 is divided by 48.
41
What is the remainder when 226163 is divided by 218?
97
Calculate the remainder when 11303666 is divided by 3767874.
44
What is the remainder when 13295070 is divided by 6647529?
12
Calculate the remainder when 1517078 is divided by 5931.
4673
What is the remainder when 63699 is divided by 12192?
2739
Calculate the remainder when 91849321 is divided by 571.
545
What is the remainder when 141629 is divided by 690?
179
What is the remainder when 363863 is divided by 9618?
7997
Calculate the remainder when 40415471 is divided by 472.
471
What is the remainder when 3157438 is divided by 165?
163
What is the remainder when 155050822 is divided by 8613934?
10
Calculate the remainder when 87141 is divided by 1452.
21
What is the remainder when 69731440 is divided by 3149?
3133
Calculate the remainder when 3231962 is divided by 217.
181
Calculate the remainder when 2020614 is divided by 336765.
24
What is the remainder when 121757 is divided by 103?
11
Calculate the remainder when 7290838 is divided by 53.
52
What is the remainder when 51138 is divided by 12574?
842
What is the remainder when 87904 is divided by 10836?
1216
What is the remainder when 782547 is divided by 25219?
758
Calculate the remainder when 6293345 is divided by 2747.
2715
Calculate the remainder when 1687416 is divided by 401.
8
What is the remainder when 539769 is divided by 4733?
207
What is the remainder when 9159514 is divided by 20537?
12
What is the remainder when 115383640 is divided by 787?
783
What is the remainder when 19422209 is divided by 214?
211
What is the remainder when 24801 is divided by 926?
725
Calculate the remainder when 11363997 is divided by 3787977.
66
What is the remainder when 10262569 is divided by 13539?
7
Calculate the remainder when 20069798 is divided by 2818.
2
What is the r